{"id":4284,"date":"2018-11-12T11:50:12","date_gmt":"2018-11-12T11:50:12","guid":{"rendered":"https:\/\/demo.themeisle.com\/hestia-default\/hestia-front\/"},"modified":"2026-03-09T22:56:33","modified_gmt":"2026-03-09T20:56:33","slug":"hestia-front","status":"publish","type":"page","link":"https:\/\/www.helsinginmetodistiseurakunta.fi\/","title":{"rendered":""},"content":{"rendered":"\n<p><strong>Olemme  kotoisa seurakunta Helsingin Punavuoressa Fredrikintorin reunalla.<\/strong><\/p>\n\n\n\n<p><strong>Kev\u00e4\u00e4n ohjelmaa<\/strong><\/p>\n\n\n\n<p>Keskiviikkoisin kello 12\u201313 p\u00e4iv\u00e4rukoushetki<\/p>\n\n\n\n<p>Huom! 18.3. ei p\u00e4iv\u00e4rukoushetke\u00e4<\/p>\n\n\n\n<p>Sunnuntaisin kello 11 jumalanpalvelus, ehtoollinen joka kuukauden ensimm\u00e4inen ja toinen sunnuntai. Metodistikirkon ehtoollinen on avoin kaikille, jotka uskovat tai tahtoisivat uskoa.<\/p>\n\n\n\n<p>Seurakuntakonferenssi 13.4 kello 18. Seurakuntakonferenssissa hyv\u00e4ksyt\u00e4\u00e4n tilinp\u00e4\u00e4t\u00f6s ja valitaan henkil\u00f6t teht\u00e4viin sek\u00e4 tehd\u00e4\u00e4n muita seurakunnan toimintaan liittyvi\u00e4 p\u00e4\u00e4t\u00f6ksi\u00e4. \u00c4\u00e4nioikeus seurakunnan varsinaisilla j\u00e4senill\u00e4, puheoikeus kaikilla.<\/p>\n\n\n\n<p>Tervetuloa kirkkoon!<\/p>\n\n\n\n<hr class=\"wp-block-separator has-alpha-channel-opacity\"\/>\n\n\n\n<p style=\"font-style:normal;font-weight:500\">Julkaisemme viikottain ajankohtaisia tiedotteita Facebookissa&nbsp;<br><a href=\"https:\/\/www.facebook.com\/helsinginmetodistiseurakunta\">Metodistikirkko Helsinki<\/a> -Facebook-sivulla.<\/p>\n\n\n\n<p>Seurakunnassamme toimii rukouspalvelu, joka haluaa palvella sinuakin.&nbsp;<br>Jos haluat, ett\u00e4 rukoilemme aiheesi puolesta, l\u00e4het\u00e4 rukousaiheesi&nbsp;s\u00e4hk\u00f6postitse osoitteeseen <a href=\"mailto:helsinki@metodistikirkko.net\" target=\"_blank\" rel=\"noreferrer noopener\">helsinki@metodistikirkko.net<\/a>&nbsp;ja kirjoita&nbsp;mieluiten otsikoksi \u201dRukousaihe\u201d, jotta viestisi ohjautuu ryhm\u00e4n&nbsp;vastuuhenkil\u00f6lle. Ryhm\u00e4 toimii luottamuksellisesti.<\/p>\n\n\n\n<p>My\u00f6s muissa asioissa voit aina ottaa yhteytt\u00e4 l\u00e4hett\u00e4m\u00e4ll\u00e4&nbsp;s\u00e4hk\u00f6postia osoitteeseen <a href=\"mailto:helsinki@metodistikirkko.net\" target=\"_blank\" rel=\"noreferrer noopener\">helsinki@metodistikirkko.net<\/a><\/p>\n\n\n\n<p>Jeesus sanoi: \u201dTulkaa minun luokseni, kaikki te ty\u00f6n ja kuormien&nbsp;uuvuttamat. Min\u00e4 annan teille levon.\u201d (Matt. 11:28)<\/p>\n\n\n\n<hr class=\"wp-block-separator has-alpha-channel-opacity is-style-wide\"\/>\n","protected":false},"excerpt":{"rendered":"<p>Olemme kotoisa seurakunta Helsingin Punavuoressa Fredrikintorin reunalla. Kev\u00e4\u00e4n ohjelmaa Keskiviikkoisin kello 12\u201313 p\u00e4iv\u00e4rukoushetki Huom! 18.3. ei p\u00e4iv\u00e4rukoushetke\u00e4 Sunnuntaisin kello 11 jumalanpalvelus, ehtoollinen joka kuukauden ensimm\u00e4inen ja toinen sunnuntai. Metodistikirkon ehtoollinen<\/p><\/div>\n<div class=\"blog-btn\"><a href=\"https:\/\/www.helsinginmetodistiseurakunta.fi\/\" class=\"home-blog-btn\">Lue lis\u00e4\u00e4<\/a><\/p>\n","protected":false},"author":1,"featured_media":5421,"parent":0,"menu_order":0,"comment_status":"closed","ping_status":"closed","template":"","meta":{"footnotes":""},"class_list":["post-4284","page","type-page","status-publish","has-post-thumbnail","hentry"],"jetpack_sharing_enabled":true,"_links":{"self":[{"href":"https:\/\/www.helsinginmetodistiseurakunta.fi\/index.php?rest_route=\/wp\/v2\/pages\/4284","targetHints":{"allow":["GET"]}}],"collection":[{"href":"https:\/\/www.helsinginmetodistiseurakunta.fi\/index.php?rest_route=\/wp\/v2\/pages"}],"about":[{"href":"https:\/\/www.helsinginmetodistiseurakunta.fi\/index.php?rest_route=\/wp\/v2\/types\/page"}],"author":[{"embeddable":true,"href":"https:\/\/www.helsinginmetodistiseurakunta.fi\/index.php?rest_route=\/wp\/v2\/users\/1"}],"replies":[{"embeddable":true,"href":"https:\/\/www.helsinginmetodistiseurakunta.fi\/index.php?rest_route=%2Fwp%2Fv2%2Fcomments&post=4284"}],"version-history":[{"count":219,"href":"https:\/\/www.helsinginmetodistiseurakunta.fi\/index.php?rest_route=\/wp\/v2\/pages\/4284\/revisions"}],"predecessor-version":[{"id":6058,"href":"https:\/\/www.helsinginmetodistiseurakunta.fi\/index.php?rest_route=\/wp\/v2\/pages\/4284\/revisions\/6058"}],"wp:featuredmedia":[{"embeddable":true,"href":"https:\/\/www.helsinginmetodistiseurakunta.fi\/index.php?rest_route=\/wp\/v2\/media\/5421"}],"wp:attachment":[{"href":"https:\/\/www.helsinginmetodistiseurakunta.fi\/index.php?rest_route=%2Fwp%2Fv2%2Fmedia&parent=4284"}],"curies":[{"name":"wp","href":"https:\/\/api.w.org\/{rel}","templated":true}]}}